iple of 17?
True
Is 194364169 a multiple of 595?
False
Is 6 a factor of 51610686?
True
Does 3 divide 465568570?
False
Is 38 a factor of 3977453?
False
Is 3293 a factor of 1125775333?
False
Does 9705 divide 217906365?
True
Is 2 a factor of 135554?
True
Is 880 a factor of 152248539?
False
Does 15 divide 20086715?
False
Does 31 divide 27012587?
False
Is 15 a factor of 272797725?
True
Is 50652670 a multiple of 134?
True
Is 1467094816 a multiple of 103?
False
Is 99 a factor of 3097017?
True
Does 93 divide 100252977?
True
Is 24 a factor of 23873006?
False
Does 4 divide 27845548?
True
Is 817584834 a multiple of 1351?
False
Is 1437 a factor of 240786594?
True
Does 17 divide 44097932?
True
Is 93761332 a multiple of 1622?
True
Is 47598300 a multiple of 30?
True
Does 766 divide 1079713768?
True
Does 212 divide 63925632?
True
Does 20 divide 32703900?
True
Does 37 divide 8574861?
True
Is 432348261 a multiple of 8?
False
Is 18913344 a multiple of 91?
False
Is 27 a factor of 2740789494?
True
Is 229963664 a multiple of 98?
True
Is 100 a factor of 31772224?
False
Is 561 a factor of 5552217?
True
Is 87 a factor of 109031271?
True
Is 993 a factor of 622721223?
True
Does 55 divide 153155860?
True
Is 670933367 a multiple of 1386?
False
Is 320395328 a multiple of 64?
True
Is 1293 a factor of 61310181?
True
Is 197 a factor of 1179636261?
False
Is 1865 a factor of 2974531373?
False
Does 35 divide 42225513?
False
Does 551 divide 8760900?
True
Is 171273063 a multiple of 9?
False
Is 1913732597 a multiple of 7?
True
Does 46 divide 13327258?
True
Does 5536 divide 530822569?
False
Does 849 divide 22936584?
True
Does 209 divide 32285395?
False
Is 2874226548 a multiple of 12?
True
Is 277 a factor of 10674195?
True
Does 52 divide 69435548?
True
Does 38 divide 2202535261?
False
Is 12 a factor of 152455200?
True
Is 3 a factor of 48496492?
False
Is 619190921 a multiple of 120?
False
Does 392 divide 354733010?
False
Does 797 divide 319185748?
True
Is 666255267 a multiple of 1917?
True
Does 44 divide 93942552?
True
Is 11 a factor of 52324593?
False
Does 200 divide 43107400?
True
Does 3606 divide 25912185?
False
Is 35259505 a multiple of 20?
False
Is 21998659 a multiple of 562?
False
Is 12190790 a multiple of 463?
True
Does 8 divide 208526768?
True
Is 21761388 a multiple of 614?
True
Does 24 divide 20568360?
True
Is 300733152 a multiple of 16?
True
Does 37 divide 4370033?
True
Is 4010 a factor of 1096902667?
False
Does 26 divide 3346642?
True
Does 217 divide 108905573?
True
Does 727 divide 4762722182?
False
Is 34 a factor of 26935982?
False
Is 1316 a factor of 2040166020?
False
Does 1248 divide 1335144096?
True
Is 62 a factor of 478032338?
True
Is 17074659 a multiple of 11?
False
Is 715107568 a multiple of 2296?
True
Is 6128212798 a multiple of 641?
False
Is 13 a factor of 7117981?
True
Is 208482327 a multiple of 23?
True
Is 13421342 a multiple of 29?
False
Does 18 divide 21404160?
True
Is 75039338 a multiple of 184?
False
Is 4030 a factor of 454066814?
False
Is 1274097 a multiple of 17?
False
Is 622 a factor of 23988674?
True
Does 3 divide 19028642?
False
Is 67 a factor of 18789815?
True
Is 5512 a factor of 432416400?
True
Is 143703923 a multiple of 281?
False
Is 46166242 a multiple of 423?
False
Is 342408080 a multiple of 156?
False
Does 41 divide 52102431?
True
Is 5 a factor of 36429756?
False
Does 178 divide 229538832?
True
Does 10 divide 1375188611?
False
Does 2 divide 5258534?
True
Does 751 divide 37645377?
True
Is 11 a factor of 4080280?
False
Does 115 divide 225684036?
False
Does 2364 divide 1194774098?
False
Does 594 divide 223546554?
True
Is 63569065 a multiple of 1435?
True
Is 3 a factor of 23402152?
False
Is 23703736 a multiple of 14?
True
Is 250217094 a multiple of 1879?
False
Is 4622055 a multiple of 37?
False
Is 79 a factor of 929356?
True
Does 185 divide 72202962?
False
Does 1815 divide 531733290?
True
Is 50 a factor of 39531350?
True
Is 4900170 a multiple of 43?
False
Does 6 divide 112297025?
False
Is 79986961 a multiple of 349?
True
Does 47 divide 21814674?
True
Is 69715190 a multiple of 685?
True
Does 765 divide 90059220?
False
Is 92 a factor of 7263447?
False
Is 11 a factor of 193066459?
False
Is 4 a factor of 11249908?
True
Is 1039 a factor of 100150249?
True
Is 20 a factor of 1383018615?
False
Does 2277 divide 975852859?
False
Does 1346 divide 140993206?
False
Is 1270593855 a multiple of 8431?
True
Is 3799762 a multiple of 423?
False
Is 256140918 a multiple of 4642?
True
Is 14081902 a multiple of 2?
True
Is 30183168 a multiple of 8?
True
Is 685 a factor of 1092575?
True
Does 178 divide 3094764604?
True
Does 1631 divide 30408422?
False
Is 6710380 a multiple of 4?
True
Does 2609 divide 9405445?
True
Does 1072 divide 400151221?
False
Is 398233548 a multiple of 1052?
True
Is 5148 a factor of 425934025?
False
Is 276 a factor of 91197034?
False
Is 218082480 a multiple of 240?
True
Does 322 divide 51523220?
True
Does 12 divide 178747062?
False
Does 3 divide 6052694?
False
Is 239 a factor of 1184130519?
True
Is 2840922809 a multiple of 484?
False
Is 97 a factor of 1213179?
True
Is 343771104 a multiple of 456?
True
Does 18 divide 11263627?
False
Is 124 a factor of 700512132?
False
Is 14491854 a multiple of 17?
True
Does 12 divide 200215221?
False
Is 6 a factor of 1019717125?
False
Does 18 divide 1822767525?
False
Is 7 a factor of 301036234?
False
Does 1559 divide 33429637?
True
Is 4741188 a multiple of 806?
False
Does 8 divide 16510053?
False
Is 13821860 even?
True
Is 9552 a factor of 1303826444?
False
Is 83046222 a multiple of 1442?
True
Is 8 a factor of 81809168?
True
Is 285010404 a multiple of 124?
True
Is 60114322 a multiple of 422?
True
Does 4334 divide 41082431?
False
Does 36 divide 97214081?
False
Is 511 a factor of 500400476?
False
Is 57 a factor of 67272760?
False
Does 189 divide 310158846?
False
Does 5 divide 5076871?
False
Is 82 a factor of 10118144?
True
Is 319741821 a multiple of 21?
True
Is 3427 a factor of 61991003?
True
Is 51 a factor of 4718587218?
True
Does 596 divide 2393862?
False
Is 3042288 a multiple of 111?
True
Does 115 divide 41624210?
False
Is 6090417 a multiple of 842?
False
Is 1280296500 a multiple of 150?
True
Is 110 a factor of 3141912646?
False
Is 134 a factor of 772233594?
False
Does 11 divide 1589247?
True
Does 5720 divide 17869280?
True
Is 1586561427 a multiple of 3399?
True
Does 58 divide 2971398?
True
Is 73757570 a multiple of 60?
False
Does 24 divide 7767456?
True
Is 31084114 a multiple of 2546?
True
Is 50528331 a multiple of 21?
True
Is 362964945 a multiple of 4645?
True
Is 11 a factor of 3730940103?
True
Is 12 a factor of 27396217?
False
Is 855 a factor of 47223360?
True
Does 151 divide 1475230589?
True
Does 9 divide 499016691?
True
Does 24 divide 184506936?
True
Does 1998 divide 580231188?
True
Does 3435 divide 24841987?
False
Is 1245989546 a multiple of 280?
False
Does 13 divide 598908674?
True
Does 1806 divide 46771391?
False
Does 69 divide 152162785?
False
Does 3 divide 1920101?
False
Is 63587200 a multiple of 1550?
True
Does 12 divide 3349955756?
False
Is 12 a factor of 73716869?
False
Does 2665 divide 79762453?
False
Is 4316288661 a multiple of 2196?
False
Does 178 divide 9135672?
True
Is 1000641102 a multiple of 929?
False
Is 1085829640 a multiple of 5?
True
Does 109 divide 287216498?
False
Is 27 a factor of 59528871?
True
Is 11598759 a multiple of 196?
False
Is 19 a factor of 800359553?
True
Is 2469013154 a multiple of 146?
True
Is 42 a factor of 5706456?
True
Does 1880 divide 78943080?
True
Is 848 a factor of 271613977?
False
Is 48634678 a multiple of 123?
False
Is 979 a factor of 201458620?
True
Does 3 divide 455575?
False
Is 7 a factor of 4775909?
False
Does 771 divide 23833923?
True
Is 67455696 a multiple of 33?
True
Does 29 divide 243882315?
True
Does 227 divide 139551655?
True
Is 10 a factor of 22203693?
False
Is 26624479 a multiple of 753?
False
Is 972 a factor of 9194621?
False
Does 6716 divide 2114357984?
True
Is 270690943 a multiple of 2293?
True
Does 6 divide 183424026?
True
Does 2767 divide 91020465?
True
Is 206 a factor of 931762926?
True
Does 7 divide 1400415643?
False
Does 5 divide 788882887?
False
Is 17 a factor of 51033336?
False
Does 19 divide 2538912285?
False
Is 13 a factor of 209951339?
True
Is 31